603 - -2335. Calculate the remainder when 180 is divided by (-2)/(-5) - b/(-20).
32
Suppose -k + j = 33, 2*k + 4*j + 81 = j. Suppose -3*r + 6*r - 66 = 0. Calculate the remainder when (-8)/k - (-1544)/18 is divided by r.
20
Let v = -72 - -309. Suppose -v - 11 = -4*d. What is the remainder when d is divided by 33?
29
Let h(v) = -v**3 + 5*v**2 - 4*v + 2. Let k be h(4). Suppose 0 = -k*g + 8 - 0. What is the remainder when 5 is divided by g?
1
Calculate the remainder when 18*((-35)/(-15) + -2) + 13 is divided by 5.
4
Suppose f - 296 = -3*f. What is the remainder when f is divided by 17?
6
Let n(d) = -d**3 - 5*d**2 - 4*d. Let l be n(-3). Calculate the remainder when 2/6 + (-46)/l is divided by 8.
0
Let a = -1083 + 1930. Calculate the remainder when a is divided by 61.
54
Suppose 23*z - 518 = 9*z. What is the remainder when 96 is divided by z?
22
Let r = -147 + 267. Let b = -79 + r. Let d = -176 + 197. Calculate the remainder when b is divided by d.
20
Let m(n) = -7*n - 37. Let b be m(-6). Suppose -3*t - 5*s + 182 = 0, -b*t + 3*s = -147 - 213. Calculate the remainder when t is divided by 24.
21
Let p be 51 - (-2*1 - -1). Suppose b + 3*b - p = 0. Calculate the remainder when -12*16/(-240)*(-60)/(-2) is divided by b.
11
Suppose 0 = 3*r + w + 9, 3*r - 2*r - 2*w = -3. Let s = -18 - r. What is the remainder when 16/((-1)/s*3) is divided by 21?
17
Suppose -3*r + 5 = 8, 3*t = -3*r + 12. Calculate the remainder when 36 is divided by t.
1
Suppose -20 = 8*t - 12*t. What is the remainder when 13 is divided by (-18)/(-5) - 3/t?
1
Let l(t) = -t**3 - t**2 + 10*t + 36. Calculate the remainder when 170 is divided by l(-4).
38
Let u = 29 - 35. What is the remainder when 21 is divided by -3*5/90 - 55/u?
3
Suppose 9*q - 2 = 7*q. Suppose 3*t - 5*o + q = -7, 0 = 4*t - 3*o - 4. Suppose -t*b + 40 = -44. Calculate the remainder when 40 is divided by b.
19
Let h(m) = m**2 - 8*m + 4. Suppose -6*y + 0*y = -36. Let r(d) = 2*d**2 - 3*d - 8. What is the remainder when r(y) is divided by h(10)?
22
Let o = -97 - -164. Let l be ((-10)/(-15))/((-6)/63). Let t(z) = -2*z. What is the remainder when o is divided by t(l)?
11
Let k(h) = h**2 - 17*h + 84. Calculate the remainder when 100 is divided by k(4).
4
Suppose 8 = 2*f, -3*a + 148 - 29 = 2*f. Suppose -40 = -2*y + 2*d, -81 = -5*y - 2*d + 12. What is the remainder when a is divided by y?
18
Let y be 6*((-4)/2)/6. Let s be (9/y)/((-1)/(-2)). Let t = s + 11. What is the remainder when 3 is divided by t?
1
What is the remainder when (-908)/(-20) + 40/25 + -2 is divided by 17?
11
Suppose h - 350 = -74. Suppose 990 - h = 7*r. Calculate the remainder when r is divided by 26.
24
Let g = 19 - 14. Suppose -g*s + 9*s - 164 = 0. What is the remainder when s is divided by 14?
13
Let f = 3 - 7. Let n(j) = j**3 + 5*j**2 - 2*j - 6. Calculate the remainder when n(f) is divided by (3 + (-9)/(-2))*(-44)/(-33).
8
Let w(r) = -2*r + 7. Let t be w(7). Let s(g) = g**3 + 7*g**2 + 5*g + 2. Calculate the remainder when s(-4) is divided by 4 - 1 - (t + 2).
6
Let k(q) = 4*q - 6. What is the remainder when (-16)/(-4)*9 + -3*2/3 is divided by k(4)?
4
Calculate the remainder when ((-69)/6)/(3 - (-39)/(-12)) is divided by 2 - (-25 + (-2)/(-1)).
21
Suppose 545*f - 140 = 543*f. What is the remainder when 204 is divided by f?
64
Let i = 797 + -764. What is the remainder when 196 is divided by i?
31
Suppose 430 = 11*f - 879. Calculate the remainder when 245 is divided by f.
7
What is the remainder when 129 is divided by 31500/462 - 2/11?
61
Calculate the remainder when (6 + -7)*-3*(-320)/(-6) is divided by 54.
52
What is the remainder when 0/(-4) + 723 + (-20)/5 is divided by 48?
47
Calculate the remainder when ((-2)/3)/(4/(-582)) is divided by 3/((-324)/66 + 5).
31
Let r(l) = -5*l + 69. What is the remainder when r(-14) is divided by 36?
31
Suppose 4*u = 15 - 3. Suppose -4*v + 468 = -u*f, 3*v + 2*f - 234 = v. Let x(n) = 321*n**2 + 1924*n + 5. Calculate the remainder when v is divided by x(-6).
15
Let r(p) = -16*p - 9. Suppose -x = 2*x + 12. What is the remainder when r(x) is divided by 20?
15
Let r(v) = v**2 + 7*v + 5. Let w be r(-2). What is the remainder when 17*4*w/(-10) is divided by 9?
7
Suppose -5*t - 225 = -5*q - 0*t, -t = -4*q + 171. Suppose 8*f = 5*f + q. What is the remainder when 82 is divided by f?
12
Suppose -r + 8 = 4*t, -4*r + 2 = 2*t - 2. Calculate the remainder when 44 is divided by ((-2)/t - (-1)/1) + 10.
4
Let q = 161 - 148. What is the remainder when 20 is divided by q?
7
Suppose -4*k + 5*k = 58. Calculate the remainder when 96 is divided by k.
38
Let b = 2 - -5. Suppose 0 = -b*f + 2*f - 3*t + 319, t = 3. What is the remainder when f is divided by 32?
30
Suppose -6 = -4*v - p, -3*v = 4*p - 0 + 2. Calculate the remainder when 92 is divided by 124/12*(v - -1).
30
Let m(v) be the first derivative of 4*v**3/3 + v**2/2 + 3. Let l be m(1). Suppose 2*r = 2, -l*a + 79 = -2*a + r. What is the remainder when a is divided by 7?
5
Suppose 4*d + 5*w - w = 156, -5*d + 160 = -2*w. Suppose d*u - 38*u + 92 = 0. What is the remainder when u is divided by 10?
3
What is the remainder when 294 is divided by (-8 + 243/18)*2?
8
What is the remainder when -3 - (-56*4 - -4) is divided by 21?
7
Let v = 7 + 4. Suppose o + 0*o = 3*w + 7, w - v = -o. Calculate the remainder when 12/8*(1 + (-165)/(-9)) is divided by o.
9
Suppose 0*z - 3*z = 2*a - 469, 4*a = -4*z + 624. Calculate the remainder when z is divided by 34.
21
Let w(d) = d. Let i be w(-1). Let u be 1*4 - (-2)/i. Suppose -u*c - 634 + 4 = -5*n, -n + 126 = 2*c. Calculate the remainder when n is divided by 32.
30
Suppose -5*f = 4*w - 192, 3*f - 5*w + 123 = 6*f. Suppose -4*b + 3*a - 66 = 0, -a + 2 = -b - 15. Let p = b + f. What is the remainder when p is divided by 12?
9
Suppose -29*f = -117*f + 16456. What is the remainder when f is divided by 64?
59
Suppose -g = -2*d + 272, d + 2*g + 406 = 4*d. Let f = d - 24. Suppose -151 + 35 = -4*k. Calculate the remainder when f is divided by k.
27
Let n(h) = 29*h + 108. What is the remainder when 209 is divided by n(0)?
101
Let b(u) = -20*u**3 - u**2 + u + 2. Let k = -9 - -14. Suppose 4*l = -a - 3, 0*l = -4*l + a - k. What is the remainder when b(l) is divided by 8?
4
Suppose -5*i - 8 = c, -5*c = -3*i - 20 - 24. Let g = -17 - -32. What is the remainder when g is divided by c?
1
Suppose 11 = 3*w - 4. Suppose -42*y = 18*y - 1980. Calculate the remainder when y is divided by w.
3
Let i be (-1)/((-27)/24 - -1). Suppose -48 = -i*f + 344. What is the remainder when f is divided by 13?
10
Let p(d) = -d**2 + 17*d - 46. Let q(w) = 35*w - 1. Let s(i) = -35*i + 1. Let k(y) = -5*q(y) - 4*s(y). What is the remainder when k(-2) is divided by p(7)?
23
Let l = -48 + 60. Suppose l*j = 10*j + 18. What is the remainder when 152 is divided by j?
8
Suppose 2*f - 15 = 59. Suppose 3*s = 6*s - 2*v - 55, 2*s = v + f. Suppose 2*z + 5*c + s = 6*z, 3*z + 6 = -3*c. Calculate the remainder when 1 is divided by z.
0
Suppose 4*j + 202 = 4*x - 86, -149 = -2*x - 3*j. Suppose -3*k + 4*z = -95, 5*z + 16 = -9. What is the remainder when x is divided by k?
23
Let k(q) = -15*q + 4. Suppose 0 = -2*u + 4*m + m + 17, 8 = -u - 3*m. What is the remainder when k(-3) is divided by 26 - (-2 + 3)/u?
24
Let f(p) = 4*p**2 - 7*p - 2. Let q(m) = -14*m + 121. Calculate the remainder when f(5) is divided by q(7).
17
Suppose 0 = x - 5 - 1. Let t(l) = -80*l + 258. Calculate the remainder when t(3) is divided by ((-2)/x)/(2/(-30)).
3
Suppose 4*l + 8 = 2*l. Let i(k) = 4*k**2 + 10*k - 5. What is the remainder when 130 is divided by i(l)?
16
Suppose 0 = 54*z - 716 + 68. Calculate the remainder when 83 is divided by z.
11
Let j = -1 + 2. Let q(i) = i**3 + 4*i**2 - 4*i + 5. Calculate the remainder when q(-4) is divided by 3/j - 8 - -11.
3
Suppose 6*o + 15 = 189. Calculate the remainder when o is divided by 10.
9
Let n = 8 + -12. What is the remainder when 51 is divided by (-284)/(-11) + n/(-22)?
25
Let g(i) = 2*i + 33. Suppose 0 = x + 4*x. Let f be x/(-4 + 4 + -2). Calculate the remainder when g(f) is divided by 17.
16
Let t = -13 - -24. Let o be t/7 + (-3)/(-7). Suppose 5*z - 18 = o*z. What is the remainder when z is divided by 4?
2
Suppose 2*m - 76 = -20. Let t be 686/(-8) - (-21)/m. Calculate the remainder when -4 + 1 - (t + 0) is divide